hat is the tens digit of 40763143?
4
What is the tens digit of 3010024440?
4
What is the ten thousands digit of 844426470?
2
What is the millions digit of 944782419?
4
What is the units digit of 4820980183?
3
What is the tens digit of 829228526?
2
What is the tens digit of 765029404?
0
What is the hundred millions digit of 245309446?
2
What is the billions digit of 2014821212?
2
What is the millions digit of 75080784?
5
What is the hundred thousands digit of 1157117086?
1
What is the ten thousands digit of 290635650?
3
What is the hundred thousands digit of 34544450?
5
What is the hundred thousands digit of 127685600?
6
What is the ten millions digit of 38751890?
3
What is the thousands digit of 507744053?
4
What is the hundred thousands digit of 3262867?
2
What is the millions digit of 584603044?
4
What is the millions digit of 84130613?
4
What is the hundred millions digit of 137287678?
1
What is the thousands digit of 39478656?
8
What is the billions digit of 1090360963?
1
What is the hundred thousands digit of 241114174?
1
What is the ten thousands digit of 171520525?
2
What is the ten millions digit of 2282720645?
8
What is the hundreds digit of 5015531601?
6
What is the ten millions digit of 2273075560?
7
What is the tens digit of 496293675?
7
What is the millions digit of 204470702?
4
What is the units digit of 65427992?
2
What is the hundred thousands digit of 55009890?
0
What is the ten thousands digit of 1250161309?
6
What is the hundreds digit of 2405841866?
8
What is the millions digit of 130421746?
0
What is the millions digit of 344899443?
4
What is the thousands digit of 4350495401?
5
What is the ten millions digit of 200982588?
0
What is the ten thousands digit of 137806044?
0
What is the ten millions digit of 961297754?
6
What is the tens digit of 4792930694?
9
What is the tens digit of 8276388?
8
What is the ten thousands digit of 4216446482?
4
What is the units digit of 164883521?
1
What is the units digit of 1064636385?
5
What is the millions digit of 61149806?
1
What is the ten thousands digit of 1203272267?
7
What is the ten millions digit of 2996863246?
9
What is the millions digit of 203333609?
3
What is the thousands digit of 297950691?
0
What is the hundred millions digit of 936397291?
9
What is the thousands digit of 14875746?
5
What is the thousands digit of 167903066?
3
What is the hundreds digit of 54703412?
4
What is the hundred millions digit of 3855074450?
8
What is the hundred thousands digit of 1046463765?
4
What is the hundreds digit of 979359065?
0
What is the tens digit of 293345294?
9
What is the ten millions digit of 2109737891?
0
What is the millions digit of 21396848?
1
What is the billions digit of 1868178572?
1
What is the ten millions digit of 61854101?
6
What is the millions digit of 98105345?
8
What is the thousands digit of 2125857697?
7
What is the tens digit of 1538941293?
9
What is the ten thousands digit of 1452672480?
7
What is the hundred millions digit of 2529636477?
5
What is the units digit of 1287023390?
0
What is the ten millions digit of 68733907?
6
What is the thousands digit of 147942360?
2
What is the units digit of 202885269?
9
What is the millions digit of 4596739812?
6
What is the ten thousands digit of 153586908?
8
What is the billions digit of 2184590644?
2
What is the hundred thousands digit of 1569589460?
5
What is the thousands digit of 1173618037?
8
What is the hundred thousands digit of 1329795349?
7
What is the billions digit of 3499178111?
3
What is the thousands digit of 182581070?
1
What is the millions digit of 93134481?
3
What is the hundred thousands digit of 36558893?
5
What is the ten millions digit of 465728884?
6
What is the hundreds digit of 26186103?
1
What is the thousands digit of 160734438?
4
What is the hundreds digit of 94536574?
5
What is the tens digit of 1448875959?
5
What is the ten millions digit of 397256044?
9
What is the thousands digit of 1014351471?
1
What is the hundreds digit of 26498234?
2
What is the ten thousands digit of 26925459?
2
What is the units digit of 2852357078?
8
What is the tens digit of 2113147?
4
What is the hundred thousands digit of 1870857394?
8
What is the ten millions digit of 10068285?
1
What is the hundred thousands digit of 1118040803?
0
What is the tens digit of 37801492?
9
What is the ten millions digit of 86554459?
8
What is the ten millions digit of 44982403?
4
What is the tens digit of 9845350?
5
What is the units digit of 2926765090?
0
What is the ten thousands digit of 151438275?
3
What is the hundred thousands digit of 476273221?
2
What is the units digit of 591038097?
7
What is the hundred millions digit of 566147756?
5
What is the ten thousands digit of 203408745?
0
What is the ten thousands digit of 2244416548?
1
What is the units digit of 499035060?
0
What is the hundreds digit of 2192146109?
1
What is the ten millions digit of 37604196?
3
What is the units digit of 243098529?
9
What is the hundred thousands digit of 1799121991?
1
What is the ten thousands digit of 78977861?
7
What is the ten thousands digit of 146225922?
2
What is the units digit of 5036399559?
9
What is the ten thousands digit of 106434984?
3
What is the millions digit of 194808696?
4
What is the hundreds digit of 209264496?
4
What is the millions digit of 791548031?
1
What is the ten millions digit of 1362230075?
6
What is the tens digit of 71231534?
3
What is the hundreds digit of 13376587?
5
What is the millions digit of 582625524?
2
What is the hundred thousands digit of 207197626?
1
What is the tens digit of 325966140?
4
What is the ten millions digit of 1710606290?
1
What is the hundred thousands digit of 487476698?
4
What is the hundred thousands digit of 32242028?
2
What is the tens digit of 69764646?
4
What is the ten thousands digit of 627548882?
4
What is the thousands digit of 4312993352?
3
What is the millions digit of 2159610393?
9
What is the thousands digit of 52956601?
6
What is the ten millions digit of 2590694994?
9
What is the thousands digit of 749470263?
0
What is the thousands digit of 66559729?
9
What is the thousands digit of 816808267?
8
What is the hundred millions digit of 1743738860?
7
What is the hundred thousands digit of 155840267?
8
What is the tens digit of 446831392?
9
What is the thousands digit of 390466241?
6
What is the ten millions digit of 489593415?
8
What is the thousands digit of 109514449?
4
What is the ten thousands digit of 45573946?
7
What is the hundred thousands digit of 165567265?
5
What is the ten thousands digit of 6560477821?
7
What is the hundreds digit of 918735860?
8
What is the ten millions digit of 280554744?
8
What is the hundreds digit of 34045524?
5
What is the tens digit of 56656030?
3
What is the units digit of 2156188652?
2
What is the ten millions digit of 72099432?
7
What is the hundred thousands digit of 3210364404?
3
What is the thousands digit of 221754972?
4
What is the hundred thousands digit of 24701240?
7
What is the ten thousands digit of 23670948?
7
What is the tens digit of 66444384?
8
What is the hundred thousands digit of 69479794?
4
What is the ten millions digit of 1106793169?
0
What is the ten thousands digit of 1587512382?
1
What is the units digit of 26606045?
5
What is the hundred thousands digit of 2088994839?
9
What is the millions digit of 2267732034?
7
What is the hundreds digit of 567992120?
1
What is the millions digit of 46335957?
6
What is the hundred millions digit of 1967970791?
9
What is the ten thousands digit of 265074026?
7
What is the hundred millions digit of 856701451?
8
What is the hundred millions digit of 516624262?
5
What is the hundreds digit of 1737147341?
3
What is the hundreds digit of 49878823?
8
What is the hundreds digit of 94811653?
6
What is the billions digit of 2084229621?
2
What is the hundreds digit of 5148719?
7
What is the millions digit of 1693733139?
3
What is the millions digit of 30297681?
0
What is the hundred thousands digit of 15966746?
9
What is the tens digit of 39427230?
3
What is the hundred millions digit of 4498047559?
4
What is the ten thousands digit of 5663692774?
9
What is the hundred thousands digit of 1026174359?
1
What is the units digit of 145348092?
2
What is the tens digit of 9459756?
5
What